088007074 and 308?
154
Calculate the highest common divisor of 49671950 and 235.
235
What is the highest common factor of 12005400 and 450?
150
What is the highest common divisor of 314791498 and 4?
2
Calculate the greatest common divisor of 1790 and 27634199.
179
What is the greatest common factor of 8715850 and 4485?
1495
What is the highest common factor of 3417196978 and 19396?
9698
Calculate the greatest common divisor of 4929981 and 468657.
3633
What is the greatest common divisor of 1945 and 19296345?
1945
What is the greatest common factor of 3229378 and 1?
1
What is the highest common divisor of 19432335 and 2270?
1135
What is the greatest common divisor of 267346485 and 21?
21
What is the greatest common divisor of 231 and 815145?
3
What is the highest common factor of 149687 and 7059?
181
What is the highest common divisor of 100366938 and 216?
54
Calculate the greatest common factor of 4836123 and 18.
9
Calculate the highest common divisor of 49862010 and 165.
165
Calculate the highest common divisor of 1806656 and 10544.
16
What is the greatest common divisor of 256 and 3242?
2
What is the greatest common factor of 38043034 and 14686?
2098
What is the highest common divisor of 143 and 4381091?
143
What is the greatest common factor of 408931 and 118229?
191
Calculate the greatest common factor of 8363849 and 4407.
13
Calculate the greatest common factor of 120056 and 1019960.
344
What is the greatest common factor of 17509219 and 1568?
49
What is the greatest common divisor of 3278050 and 507475?
1325
Calculate the highest common divisor of 27742 and 5500.
22
Calculate the highest common divisor of 108906 and 8841.
21
What is the highest common factor of 3276 and 2590497?
819
Calculate the greatest common factor of 4074 and 221578.
14
What is the greatest common factor of 332180270 and 10?
10
Calculate the highest common divisor of 506 and 15482.
2
What is the greatest common factor of 1264 and 564139?
79
What is the greatest common factor of 9 and 58523274?
9
Calculate the greatest common factor of 21407565 and 1704.
213
Calculate the greatest common factor of 40974654 and 67.
67
Calculate the highest common divisor of 786361 and 24461.
401
What is the highest common factor of 10136 and 30125640?
1448
What is the greatest common factor of 50997429 and 21?
21
What is the greatest common divisor of 98 and 39090639?
7
Calculate the greatest common factor of 14985 and 1094445.
135
Calculate the highest common divisor of 20522 and 953622.
62
What is the highest common factor of 4815131 and 2465?
493
Calculate the greatest common divisor of 92120500 and 7500.
500
Calculate the highest common divisor of 7 and 15487191.
1
What is the highest common divisor of 4008990 and 18?
6
Calculate the greatest common factor of 277656 and 1207914.
138
What is the greatest common factor of 117976544 and 896?
224
Calculate the greatest common factor of 5410821 and 8073.
39
Calculate the highest common factor of 289542 and 6058734.
2706
What is the highest common divisor of 42705852 and 708?
708
Calculate the highest common divisor of 3256860 and 10.
10
Calculate the highest common factor of 201371619 and 2031.
2031
Calculate the greatest common divisor of 16427166 and 30.
6
What is the highest common factor of 615 and 715397151?
123
What is the highest common divisor of 2878546398 and 5369?
5369
What is the highest common divisor of 42 and 18885531?
21
Calculate the highest common factor of 664 and 16175704.
664
Calculate the highest common divisor of 14374060 and 140.
20
Calculate the highest common divisor of 648244850 and 8455.
8455
What is the highest common divisor of 266994346 and 76?
38
Calculate the highest common factor of 244080 and 333350.
1130
Calculate the highest common divisor of 69310 and 3622390.
290
Calculate the highest common divisor of 30923 and 264611.
107
What is the highest common factor of 68 and 176598652?
68
Calculate the highest common factor of 80048085 and 3.
3
Calculate the highest common divisor of 664720016 and 608.
304
Calculate the greatest common divisor of 1071 and 343623.
21
What is the highest common factor of 154854545 and 20?
5
Calculate the greatest common factor of 389 and 51313768.
389
What is the highest common divisor of 645 and 714135?
15
Calculate the greatest common factor of 30976 and 645436.
44
Calculate the highest common factor of 103 and 485495238.
103
What is the greatest common divisor of 46 and 16366754?
46
Calculate the greatest common divisor of 23 and 2227971.
1
What is the greatest common divisor of 22302422 and 90425?
3617
What is the highest common factor of 76123206 and 72?
18
What is the greatest common factor of 132 and 352378158?
66
Calculate the highest common factor of 3448 and 341816.
8
Calculate the greatest common divisor of 6704 and 2864.
16
What is the greatest common factor of 12118 and 58?
2
Calculate the greatest common divisor of 291 and 29688693.
291
What is the greatest common divisor of 1672 and 47001592?
1672
What is the highest common factor of 83622 and 829884?
66
What is the greatest common factor of 1968 and 3962568?
984
What is the highest common divisor of 4698 and 1868499?
261
Calculate the greatest common factor of 54501 and 11961471.
111
What is the greatest common factor of 2140688978 and 4146?
1382
What is the highest common divisor of 8428303 and 247?
13
Calculate the greatest common factor of 15923379 and 8418.
183
Calculate the greatest common divisor of 32796 and 10719.
9
What is the highest common factor of 9790 and 2535165?
445
Calculate the greatest common factor of 187518615 and 3747.
3747
What is the highest common divisor of 1147078 and 826?
118
What is the greatest common factor of 3219 and 330861?
87
What is the greatest common factor of 31207 and 678043?
2837
Calculate the highest common divisor of 10900 and 502.
2
What is the highest common factor of 60029730 and 7821?
711
What is the greatest common factor of 260 and 1677572?
52
Calculate the greatest common divisor of 10649 and 7925634.
463
Calculate the greatest common divisor of 72 and 8563176.
72
What is the greatest common divisor of 48185096 and 9952?
2488
Calculate the highest common factor of 10510335 and 7191.
153
Calculate the highest common factor of 1221875625 and 1875.
1875
Calculate the greatest common divisor of 1184 and 150560252.
148
Calculate the greatest common factor of 9333581 and 8.
1
Calculate the greatest common divisor of 31 and 149185237.
31
What is the greatest common divisor of 54646 and 389890?
614
What is the highest common factor of 36149876 and 1841?
1841
Calculate the greatest common factor of 5904 and 19403988.
492
What is the highest common factor of 304 and 3111079?
19
Calculate the highest common factor of 377 and 178926085.
377
Calculate the highest common divisor of 127776 and 115192.
968
Calculate the greatest common factor of 15282062 and 12.
2
What is the greatest common factor of 126434 and 25872?
154
What is the highest common divisor of 20 and 58755180?
20
Calculate the highest common factor of 941840122 and 122.
122
Calculate the greatest common factor of 8402765 and 5.
5
Calculate the highest common factor of 177826 and 2263514.
3014
Calculate the highest common divisor of 19548 and 22582827.
4887
What is the greatest common divisor of 28866 and 6481266?
1698
Calculate the highest common factor of 11 and 116833376.
11
What is the greatest common factor of 8749 and 159341?
13
Calculate the highest common factor of 2865820 and 14580.
20
Calculate the highest common divisor of 29667174 and 159.
159
Calculate the highest common factor of 12771066 and 13189.
121
Calculate the highest common factor of 190 and 2469240.
190
Calculate the greatest common divisor of 508 and 329397741.
127
What is the highest common factor of 165 and 412935105?
165
Calculate the greatest common divisor of 4232 and 792971.
529
What is the greatest common divisor of 1204 and 433035628?
172
Calculate the greatest common factor of 2 and 63425542.
2
What is the highest common divisor of 19556212 and 364?
52
What is the greatest common factor of 80 and 56320144?
16
Calculate the greatest common divisor of 31 and 78259.
1
Calculate the highest common factor of 98774308 and 155.
